d 565?
113
What is the greatest common factor of 110 and 66?
22
What is the highest common factor of 549 and 488?
61
What is the greatest common divisor of 44 and 286?
22
Calculate the greatest common factor of 16 and 40.
8
What is the greatest common divisor of 682 and 88?
22
What is the highest common factor of 252 and 420?
84
Calculate the greatest common divisor of 18 and 1926.
18
Calculate the greatest common divisor of 18 and 774.
18
What is the greatest common divisor of 57 and 57?
57
What is the highest common factor of 505 and 808?
101
Calculate the highest common divisor of 120 and 2370.
30
What is the highest common factor of 1325 and 53?
53
Calculate the highest common divisor of 60 and 500.
20
What is the greatest common divisor of 845 and 15?
5
What is the greatest common divisor of 40 and 60?
20
What is the highest common factor of 10 and 1400?
10
Calculate the highest common factor of 217 and 27776.
217
Calculate the highest common factor of 63 and 81.
9
Calculate the greatest common divisor of 216 and 1864.
8
What is the highest common divisor of 112 and 48?
16
Calculate the greatest common factor of 294 and 14504.
98
What is the greatest common factor of 20 and 43740?
20
What is the greatest common divisor of 24 and 344?
8
Calculate the greatest common factor of 279 and 9.
9
What is the highest common divisor of 316 and 79?
79
Calculate the greatest common divisor of 24 and 108.
12
Calculate the greatest common divisor of 4 and 28.
4
What is the greatest common divisor of 228 and 60?
12
Calculate the greatest common divisor of 19 and 4769.
19
Calculate the greatest common divisor of 3216 and 72.
24
What is the highest common divisor of 1995 and 84?
21
What is the greatest common divisor of 99 and 165?
33
Calculate the greatest common divisor of 12861 and 27.
9
Calculate the highest common factor of 308 and 132.
44
Calculate the greatest common divisor of 1485 and 231.
33
What is the highest common factor of 20908 and 4?
4
What is the highest common factor of 135 and 2277?
9
Calculate the greatest common divisor of 33 and 24827.
11
Calculate the greatest common divisor of 3707 and 66.
11
Calculate the highest common divisor of 3240 and 120.
120
Calculate the highest common divisor of 162 and 294.
6
What is the highest common factor of 56 and 14?
14
Calculate the greatest common factor of 492 and 1394.
82
What is the highest common divisor of 368 and 345?
23
What is the greatest common divisor of 1260 and 980?
140
Calculate the highest common divisor of 129 and 2494.
43
What is the greatest common factor of 10 and 158?
2
What is the highest common divisor of 41877 and 81?
81
What is the greatest common factor of 250 and 10?
10
Calculate the greatest common factor of 13 and 68263.
13
What is the highest common divisor of 2 and 242?
2
What is the greatest common factor of 8878 and 46?
46
Calculate the highest common divisor of 12 and 308.
4
What is the highest common factor of 19 and 1843?
19
Calculate the greatest common factor of 69 and 391.
23
Calculate the greatest common divisor of 579 and 193.
193
Calculate the greatest common divisor of 237 and 9.
3
Calculate the highest common divisor of 1617 and 126.
21
What is the greatest common divisor of 4503 and 6?
3
What is the highest common divisor of 195 and 150?
15
What is the highest common divisor of 282 and 174?
6
What is the greatest common divisor of 76 and 285?
19
Calculate the greatest common divisor of 1242 and 207.
207
What is the greatest common divisor of 11 and 792?
11
Calculate the highest common factor of 732 and 36.
12
Calculate the highest common divisor of 413 and 59.
59
Calculate the greatest common factor of 1204 and 112.
28
Calculate the highest common factor of 36 and 1684.
4
Calculate the highest common divisor of 245 and 98.
49
What is the greatest common divisor of 144 and 388?
4
Calculate the highest common factor of 3 and 2643.
3
What is the greatest common divisor of 104 and 234?
26
Calculate the highest common factor of 10759 and 1484.
371
What is the highest common factor of 31 and 2201?
31
What is the highest common divisor of 4 and 659?
1
What is the greatest common factor of 153 and 17?
17
Calculate the greatest common factor of 80 and 4.
4
Calculate the greatest common factor of 30 and 10.
10
What is the highest common factor of 14076 and 17?
17
What is the greatest common divisor of 9 and 10?
1
Calculate the highest common divisor of 434 and 42.
14
What is the highest common divisor of 22 and 8943?
11
What is the highest common factor of 885 and 30?
15
Calculate the greatest common factor of 37 and 481.
37
What is the highest common factor of 13935 and 15?
15
Calculate the highest common divisor of 33 and 24.
3
Calculate the highest common divisor of 19 and 57.
19
What is the highest common divisor of 3283 and 268?
67
Calculate the greatest common divisor of 86 and 1376.
86
What is the highest common factor of 931 and 38?
19
Calculate the greatest common factor of 86 and 1161.
43
What is the greatest common factor of 126 and 119?
7
Calculate the greatest common factor of 8365 and 280.
35
What is the greatest common divisor of 24 and 2172?
12
Calculate the highest common factor of 17850 and 255.
255
Calculate the highest common divisor of 1218 and 783.
87
Calculate the greatest common divisor of 24 and 552.
24
Calculate the highest common divisor of 2961 and 63.
63
What is the highest common divisor of 24 and 64?
8
What is the greatest common divisor of 66 and 33?
33
Calculate the greatest common factor of 207 and 9.
9
Calculate the greatest common factor of 171 and 18.
9
Calculate the highest common factor of 17 and 493.
17
Calculate the highest common divisor of 538 and 2.
2
Calculate the highest common factor of 1536 and 48.
48
What is the greatest common divisor of 52 and 1378?
26
What is the greatest common divisor of 26 and 208?
26
Calculate the highest common factor of 368 and 115.
23
What is the greatest common divisor of 56 and 7?
7
Calculate the greatest common divisor of 2 and 454.
2
What is the greatest common divisor of 2604 and 210?
42
What is the greatest common factor of 1240 and 3160?
40
What is the highest common factor of 5 and 905?
5
Calculate the greatest common divisor of 14 and 1477.
7
What is the highest common factor of 96 and 132?
12
Calculate the greatest common factor of 32 and 9.
1
Calculate the highest common divisor of 1265 and 23.
23
What is the greatest common factor of 56 and 28?
28
What is the highest common divisor of 533 and 39?
13
Calculate the highest common factor of 2882 and 22.
22
Calculate the greatest common factor of 18 and 9000.
18
Calculate the greatest common factor of 41 and 14801.
41
What is the highest common factor of 10218 and 312?
78
Calculate the greatest common factor of 1003 and 59.
59
Calculate the highest common divisor of 12 and 12.
12
What is the greatest common factor of 136 and 14?
2
Calculate the greatest common divisor of 1239 and 472.
59
What is the greatest common divisor of 299 and 65?
13
Calculate the greatest common divisor of 166 and 6.
2
Calculate the highest common factor of 1155 and 3696.
231
What is the highest common factor of 55 and 2?
1
Calculate the highest common divisor of 23876 and 188.
188
What is the highest common factor of 456 and 40?
8
Calculate the greatest common divisor of 21018 and 226.
226
Calculate the greatest common factor of 320 and 10.
10
What is the highest common divisor of 2744 and 16?
8
What is the highest common factor of 605 and 275?
55
Calculate the greatest common factor of 4180 and 154.
22
Calculate the greatest common factor of 14 and 35.
7
What is the greatest common factor of 7 and 1673?
7
Calculate the highest common divisor of 6 and 61.
1
What is the greatest common divisor of 37739 and 13?
13
What is the greatest common divisor of 4 and 198?
2
Calculate the greatest common factor of 147 and 42.
21
What is the greatest common divisor of 160 and 1270?
10
Calculate the greatest common divisor of 714 and 126.
42
What is the highest common divisor of 99 and 231?
33
Calculate the greatest common factor of 121 and 88.
11
What is the greatest common factor of 2400 and 144?
48
Calculate the greatest common divisor of 10 and 4850.
10
Calcul